(base 10) to base 5.
22311
-1542 (base 7) to base 15
-2b3
What is -1432303 (base 5) in base 3?
-1112121021
What is 3b6 (base 12) in base 14?
2ca
What is 793 (base 10) in base 16?
319
133 (base 8) to base 14
67
What is -2120001 (base 3) in base 11?
-1445
What is 114 (base 13) in base 2?
10111010
What is -134 (base 14) in base 13?
-158
What is -14176 (base 10) in base 9?
-21401
-1264 (base 13) to base 11
-1a6a
What is 110330230 (base 4) in base 6?
1501124
Convert 688 (base 10) to base 15.
30d
What is -17b (base 14) in base 10?
-305
13 (base 13) to base 11
15
1001111101 (base 2) to base 9
777
What is 8da (base 15) in base 4?
133111
What is 6750 (base 8) in base 10?
3560
-971 (base 10) to base 4
-33023
Convert -1596c (base 14) to base 8.
-151354
Convert -11b72 (base 12) to base 8.
-57106
What is 100011 (base 2) in base 11?
32
170 (base 13) to base 16
104
228 (base 15) to base 3
200002
Convert -30c (base 14) to base 3.
-211020
What is 243 (base 9) in base 10?
201
14440 (base 5) to base 7
3426
Convert 2452 (base 7) to base 3.
1021001
What is -2011221 (base 4) in base 2?
-10000101101001
What is 33223 (base 4) in base 10?
1003
Convert -201 (base 15) to base 9.
-551
Convert 21010 (base 3) to base 4.
3000
What is -11011010001 (base 2) in base 6?
-12025
Convert 10110011011110 (base 2) to base 4.
2303132
What is 565 (base 9) in base 10?
464
Convert -4690 (base 10) to base 16.
-1252
59a (base 15) to base 5
20040
Convert -7a4 (base 12) to base 7.
-3205
What is 21110221 (base 3) in base 13?
2635
-4011 (base 7) to base 5
-21010
-3003320 (base 5) to base 3
-2101221011
What is -123312 (base 6) in base 15?
-3472
What is -312342 (base 6) in base 3?
-1021112222
What is -2412 (base 9) in base 16?
-701
Convert 3126 (base 7) to base 15.
4d3
433322 (base 5) to base 7
61154
What is -40413 (base 5) in base 15?
-b8d
What is 10571 (base 10) in base 14?
3bd1
Convert 1110110100 (base 2) to base 13.
57c
What is 30430 (base 5) in base 6?
13114
-1110011001 (base 2) to base 14
-49b
Convert 5b35 (base 12) to base 9.
15065
10011012 (base 3) to base 7
6464
Convert -7a (base 15) to base 10.
-115
Convert -5530 (base 9) to base 13.
-1b18
What is -696 (base 10) in base 3?
-221210
Convert -535052 (base 6) to base 2.
-1010101101101000
-292 (base 15) to base 9
-722
Convert 368 (base 12) to base 6.
2212
Convert 110111110 (base 2) to base 16.
1be
Convert -2426 (base 8) to base 4.
-110112
What is 100100001101011 (base 2) in base 15?
575e
Convert -6034 (base 8) to base 2.
-110000011100
-3657 (base 11) to base 15
-163b
What is 9056 (base 10) in base 5?
242211
31125 (base 6) to base 3
12200222
What is 122121 (base 3) in base 5?
3400
4548 (base 14) to base 3
121111012
Convert 37663 (base 9) to base 14.
9333
9107 (base 11) to base 15
38c2
What is 1322b (base 13) in base 7?
205402
-11565 (base 7) to base 8
-5734
Convert -15141 (base 8) to base 11.
-508a
Convert -6157 (base 11) to base 5.
-230134
1010010011111 (base 2) to base 4
1102133
Convert 560 (base 15) to base 14.
62b
Convert -2120222 (base 3) to base 5.
-30024
What is 2240 (base 5) in base 11?
271
What is -1215 (base 6) in base 15?
-14e
Convert 23191 (base 10) to base 11.
16473
What is 100112102 (base 3) in base 5?
210300
Convert a688 (base 12) to base 2.
100011101001000
31312 (base 5) to base 13
c42
110110001 (base 2) to base 14
22d
436b (base 12) to base 6
54215
Convert 8d80 (base 16) to base 11.
25241
-1185 (base 9) to base 6
-4035
What is 12354 (base 6) in base 9?
2507
-62946 (base 10) to base 2
-1111010111100010
Convert 8125 (base 9) to base 15.
1b5b
3b801 (base 12) to base 10
82369
Convert 1130213 (base 4) to base 8.
13447
Convert 312 (base 6) to base 12.
98
-100101 (base 2) to base 8
-45
-2030134 (base 5) to base 4
-20012101
ab (base 15) to base 3
12222
Convert -3d (base 15) to base 7.
-112
-7845 (base 10) to base 16
-1ea5
-1010020 (base 3) to base 16
-330
What is -30a8 (base 12) in base 2?
-1010011000000
What is -6855 (base 13) in base 3?
-202000220
Convert -54 (base 13) to base 5.
-234
What is 11000001001100 (base 2) in base 8?
30114
Convert 1464 (base 7) to base 11.
492
What is -2021202 (base 3) in base 5?
-23132
Convert -189 (base 11) to base 2.
-11011010
Convert 33060 (base 8) to base 7.
55305
-3480 (base 10) to base 3
-11202220
Convert -32102 (base 6) to base 14.
-1834
-11022212 (base 3) to base 13
-1589
Convert 83a3 (base 14) to base 16.
589b
Convert 2442030 (base 5) to base 14.
12d47
-11001001000 (base 2) to base 9
-2176
Convert 1011110 (base 2) to base 7.
163
Convert 32775 (base 9) to base 8.
52420
What is 1015 (base 9) in base 15?
348
What is 27964 (base 11) in base 6?
504022
What is -10101000011000 (base 2) in base 3?
-112210010
Convert -25115 (base 6) to base 14.
-14d9
Convert 58553 (base 9) to base 5.
2222330
278 (base 10) to base 13
185
17aa9 (base 15) to base 6
1350523
1010010010 (base 2) to base 5
10113
Convert -20112122 (base 3) to base 12.
-2915
What is 759c (base 16) in base 13?
10920
Convert -11 (base 14) to base 13.
-12
Convert 400c (base 14) to base 10.
10988
Convert 100000011 (base 2) to base 8.
403
What is 967 (base 14) in base 15?
83a
Convert -345 (base 6) to base 16.
-89
What is 11110201 (base 3) in base 14?
128b
What is -43687 (base 9) in base 11?
-1a870
2434 (base 5) to base 7
1035
What is -a24 (base 14) in base 2?
-11111001000
aa18 (base 16) to base 7
240644
Convert -161026 (base 7) to base 14.
-b716
What is -20514 (base 6) in base 14?
-102a
Convert -2524 (base 8) to base 4.
-111110
-11068 (base 14) to base 7
-231161
Convert b115 (base 14) to base 10.
30399
Convert 1233 (base 4) to base 12.
93
Convert 34 (base 9) to base 12.
27
61c3 (base 13) to base 2
11010011000110
What is -b45 (base 13) in base 12?
-1138
What is -1d8 (base 14) in base 10?
-386
111100010100 (base 2) to base 15
1225
-55842 (base 9) to base 4
-21010100
Convert 4b (base 16) to base 4.
1023
Convert 2650 (base 9) to base 10.
1989
-14432 (base 6) to base 11
-1823
Convert -22010 (base 6) to base 4.
-233112
Convert 40b (base 16) to base 14.
53d
Convert -10201021 (base 3) to base 16.
-a93
Convert -1322 (base 11) to base 10.
-1718
-3c3d (base 14) to base 12
-61a7
What is c2 (base 16) in base 6?
522
Convert 62b (base 15) to base 8.
2557
12210111 (base 3) to base 12
2541
Convert 28a (base 13) to base 9.
552
Convert -1326 (base 8) to base 4.
-23112
What is -5b (base 12) in base 2?
-1000111
Convert -21212001 (base 3) to base 12.
-3391
343 (base 5) to base 16
62
What is 515 (base 13) in base 5?
11423
Convert -41563 (base 10) to base 8.
-121133
Convert -161 (base 11) to base 7.
-356
What is -31205 (base 6) in base 14?
-1749
Convert 314 (base 13) to base 5.
4044
Convert 1001100200 (base 3) to base 2.
101000011000001
Convert -30443 (base 5) to base 12.
-11a6
What is -123002 (base 4) in base 3?
-2101002
-213 (base 5) to base 11
-53
Convert 303421 (base 5) to base 4.
2122011
e7e (base 16) to base 13
18c5
Convert 1111231 (base 4) to base 7.
21664
-16ac (base 13) to base 16
-d19
What is 122323 (base 4) in base 6?
11551
-ab (base 15) to base 10
-161
What is 22433 (base 7) in base 15?
1a58
-1995 (base 13) to base 14
-1584
What is 1213 (base 9) in base 14?
487
6112 (base 7) to base 5
31431
Convert -3033 (base 4) to base 16.
-cf
22403 (base 6) to base 7
12150
Convert -1111220 (base 3) to base 7.
-3135
Convert -1010110101101 (base 2) to base 12.
-3265
-22 (base 16) to base 7
-46
Convert -340241 (base 5) to base 13.
-558c
348 (base 13) to base 11
476
-63cb (base 14) to base 4
-10031033
115011 (base 6) to base 8
23657
Convert -12024 (base 9) to base 7.
-32305
Convert 835 (base 12) to base 7.
3323
2b9 (base 14) to base 5
4210
Convert 4130 (base 5) to base 6.
2300
Convert -48db (base 14) to base 2.
-11000111000001
84c (base 13) to base 12
9a0
-100111 (base 2) to base 11
-36
1123010 (base 5) to base 16
4f9c
Convert 110 (base 9) to base 14.
66
Convert 4210 (base 6) to base 3.
1021220
What is -b886 (base 13) in base 8?
-62035
What is -317 (base 9) in base 12?
-197
What is -1125 (base 13) in base 11?
-188a
Convert 28dd (base 15) to base 7.
34351
What is 3706 (base 8) in base 15?
8ca
What is -1304402 (base 6) in base 10?
-70994
What is -35264 (base 8) in base 2?
-11101010110100
What is 1b4 (base 15) in base 13?
244
What is -194b7 (base 14) in base 12?
-310a1
3211430 